6028/959 + (-2)/7 + 0. Suppose 0 = -29*c + z*c + 16721. What is the units digit of c?
7
Let n(k) = -k**2 - 11*k + 23. Let q be n(-14). Let y = q - -136. Suppose -13*j = -0*j - y. What is the units digit of j?
9
Let j be 18 + -12*(-6)/12. Let x(s) = -s**2 + 35*s - 66. What is the tens digit of x(j)?
9
Suppose 17*n - 128243 = 380601. What is the hundreds digit of n?
9
Let c(n) = -2*n**2 + 27*n - 16. Let t be c(13). What is the thousands digit of ((-192)/18)/(t*4/1224)?
1
Let x = -9 - -1089. Suppose -752*p + 746*p + x = 0. What is the tens digit of p?
8
Suppose 0 = -4*q + 22*q - 90. Suppose -953 = -d + q*j, 4*d + j - 1473 = 2360. What is the tens digit of d?
5
Suppose -5*z + 5 = -0*z. Let f be (-1)/(-5)*0 + z. Suppose -2*i - f + 101 = 0. What is the tens digit of i?
5
Let a = 9154 - 14866. What is the hundreds digit of a/(-20) + 8/20?
2
Let t = 73 - 73. Suppose -9*d = -10*d - 5*g + 1051, t = g - 5. What is the units digit of d?
6
Let k = 59906 + -38254. Suppose -20*m = -k + 5252. What is the units digit of m?
0
Let s = 150 + 54. What is the tens digit of 4/(s/8013) + (-4)/34?
5
Let s be 2/(38/(-133) - 40/(-42)). Suppose -s*m = -15*m + 8244. What is the units digit of m?
7
Let u(a) = 293*a + 22. Let d(o) = 98*o + 7. Let h(z) = -11*d(z) + 4*u(z). What is the tens digit of h(2)?
9
Let h = -791 - -56738. What is the units digit of h?
7
Let l(a) = -a**3 + 2*a**2 + 8*a + 3. Let v be (-3)/(-9)*(56 - (5 - 3)). Let j be (-1)/((-33)/v - -2). What is the units digit of l(j)?
3
Suppose -3*a - 3*v + 10257 = 0, -3*v - 48 + 3477 = a. What is the units digit of a?
4
Let d = 86 + -44. Let p(h) = 45*h + 30. Let k be p(6). Suppose -d*a = -47*a + k. What is the tens digit of a?
6
Let o(v) = -5*v. Let h be o(-1). Suppose -h*x = -620 - 1115. Suppose -525 = -5*t - 4*m, m + 3*m + x = 3*t. What is the units digit of t?
9
Let c(r) = r**3 + 7*r**2 - 10*r - 5. Let d be c(-8). Suppose f + d = 16. What is the units digit of 38 - (-9)/(f + -2)?
1
Let o(l) = 69*l - 51. Let z be o(12). Suppose 5*n - 5*x - 6245 = 0, -n + z + 452 = 3*x. What is the tens digit of n?
4
Let d(t) = -t**2 + t + 200. Let v be d(15). What is the units digit of -45894*(-12)/360 + (-2)/v?
0
Suppose 190*y = 937303 - 408277 + 705024. What is the units digit of y?
5
Let r(o) = 3*o**3 + 34*o**2 - 281*o - 49. What is the units digit of r(21)?
7
Let x = -22048 - -39099. What is the thousands digit of x?
7
Let a(u) be the third derivative of 3*u**4/8 + 13*u**3/2 - 25*u**2 + 2*u. What is the tens digit of a(24)?
5
Let o(q) = q**3 - 5*q**2 - 2*q - 1. Let f be o(6). Suppose 113 = 7*w - 97. Let a = w - f. What is the units digit of a?
7
Suppose 3*v - 2193 - 4625 = -2*z, 24 = -4*v. What is the thousands digit of z?
3
Let l(g) = -86*g - 8. Let y = -119 + 116. Let t be l(y). What is the hundreds digit of t - (-3 + 5) - (6 + -2)?
2
Let g = 132 + -130. Suppose 1898 + 3231 = 3*o - 2*a, g*a - 6862 = -4*o. What is the hundreds digit of o?
7
Let t(g) = -14*g + 107. Let z be t(-5). Suppose -z = -3*r + 642. What is the hundreds digit of r?
2
Let g = -446 + -263. Let i = 1441 + g. What is the tens digit of i?
3
Let q = -90487 - -148016. What is the hundreds digit of q?
5
Let t(z) = -z**3 - 5*z**2 - 7*z - 4. Let g = 21 - 25. Let k be t(g). Suppose 0 = -k*f + 13*f - 410. What is the units digit of f?
2
Let h(x) = -593*x + 13540. What is the hundreds digit of h(-6)?
0
Let v be (-8)/(0 + (-14)/(-9))*-7. Let i be v/21 - (-8)/28. Suppose 0 = -2*c + 3*g + 213, 4*c = i*c - 3*g + 207. What is the tens digit of c?
0
Suppose 25689 = 4*p - 5*y, -p + 6425 = -4*y - 0*y. What is the units digit of p?
1
Suppose 23*y = 17*y + 97251 + 87621. What is the tens digit of y?
1
Let i(y) = y**3 - 8*y**2 + 16*y + 7. Let r be i(5). Suppose 186 = 3*j - r. What is the units digit of j?
6
Suppose 3*n - 33090 = -3*q, 4*n + 35*q = 32*q + 44117. What is the units digit of n?
7
Let w = 154 + -151. Suppose -129 = -w*x - g, -3*x + g + 135 = -0*g. What is the units digit of x?
4
Suppose 5*m + 5*s = 10*m - 10, -8 = -4*m + 5*s. Let z(t) = 97*t + 17. What is the tens digit of z(m)?
1
Suppose 3*p = n + 120, -60 = -4*p + 4*n + 100. Suppose -5*l + 2*a = -3*a - 5, 4*l - p = -5*a. Suppose -108 = 2*r - l*r. What is the tens digit of r?
3
Let c = -204 - -198. What is the hundreds digit of (-9)/c*-2 - (-372 - 13)?
3
Suppose 792 = 22*h + 11*h. Suppose h*y - 26*y = -2000. What is the tens digit of y?
0
Let m(v) be the first derivative of -v**3/3 + 18*v**2 - 7*v + 87. What is the hundreds digit of m(27)?
2
Let r(u) = 34*u**2 + 3*u + 1. Let a be r(-1). Let s = a + -143. Let p = s - -177. What is the tens digit of p?
6
Let j = 50220 + -35381. What is the units digit of j?
9
Let p(o) = -10*o**2 + 2. Let w be p(1). Let i(t) = -t**3 - t**2 + 9*t + 3. What is the tens digit of i(w)?
7
Let x be 1/3*-2*(-696)/16. Suppose 0 = 38*y - x*y - 2097. What is the hundreds digit of y?
2
Let r(l) = 46*l - 85. Let x be r(17). What is the units digit of (-108)/(-12) + -1 + x?
5
Suppose -5*d + 5*h + 41827 + 33013 = 0, -74840 = -5*d - 5*h. What is the thousands digit of d?
4
Suppose 6 = -4*y - s - s, 0 = s - 5. What is the hundreds digit of 1299/(-6)*-2*(y + 5)?
4
What is the units digit of (-6 - 2) + (-9)/((-63)/59248)?
6
Let r(s) = 2618*s**2 - 10*s + 5. What is the tens digit of r(-2)?
9
Suppose -8*u - 12694 + 175006 = 0. What is the hundreds digit of u?
2
Suppose 5*c + 4*m - 10 = 0, -5*c + 7*c - 4*m = 4. Suppose -4 = -q, 8*k - 9*k - c*q + 1378 = 0. What is the thousands digit of k?
1
Let c(n) = -n + 3. Let s be c(8). Suppose -5 + 8 = -3*z. What is the tens digit of (-92)/(4 + s) + z?
9
Let k = 2 - -11. Suppose -12*b + k*b = -3. What is the units digit of 3234/18 - 1/b?
0
Suppose 0 = 13371*h - 13403*h + 1585760. What is the units digit of h?
5
Let q = -364 - -358. Let r(n) = 3*n**2 + 9*n - 22. Let k(u) = -13*u**2 - 37*u + 88. Let j(d) = -2*k(d) - 9*r(d). What is the tens digit of j(q)?
2
What is the units digit of -284*(5 + 80/(-12))/((-8)/(-30))?
5
Let s = 206 - 321. What is the units digit of (7 - 27)*(s/4 - 2)?
5
Let l(z) = 3 + z + 9*z**2 + 8*z + 3*z - 4*z. Let w be l(-3). Let k = w - 19. What is the tens digit of k?
4
Suppose -162*o + 206100 = 161*o - 308*o. What is the tens digit of o?
4
Suppose -53*f + 58*f = -2*j + 15849, 0 = -2*j + f + 15831. What is the units digit of j?
7
Let r = 18 + -15. Suppose 4*w - 5*h + 921 - r = 0, -w - 238 = 3*h. Let u = -96 - w. What is the hundreds digit of u?
1
Let x(w) = 109*w**3 + 7*w**2 + 3*w - 8. What is the thousands digit of x(3)?
3
Let k be (-2)/7 + (-11799)/(-63). Let z = -104 + k. What is the units digit of z?
3
Suppose -2*n = 3*p - 286, -3*n - 385 = -4*p - 2*n. Let h = 492 - p. What is the units digit of h?
6
Let o(w) be the first derivative of 89*w - 1/3*w**3 + 16 + w**2 - 1/4*w**4. What is the units digit of o(0)?
9
Let g(j) = 5023*j + 5019*j + 25 - 10045*j. Let h be 2/(-6) - 28/6. What is the tens digit of g(h)?
4
Suppose -60449 = -4*x + 5*g, 4*g - 5*g + 45351 = 3*x. What is the tens digit of x?
1
Let c = -980 + 1697. Let l = c + 298. What is the units digit of l?
5
Suppose w - 40 = 5*a + 13, 2*a + 17 = -w. Let m(p) = 5*p**2 - 15*p - 41. What is the tens digit of m(a)?
0
Let m be 15*(-4)/12*-1. What is the tens digit of (1 - (m + -6)) + (96 - 4)?
9
Let g(k) = -94*k - 17. Let h(v) = -96*v - 15. Let f(t) = -6*g(t) + 5*h(t). What is the hundreds digit of f(10)?
8
Let t(m) = 2*m**3 + 33*m**2 - 108*m + 48. What is the ten thousands digit of t(19)?
2
Let z(u) = 4*u**3 + 2*u**2 - 11*u + 45. Let j be z(4). Suppose 0 = 296*r - j*r - 3591. What is the hundreds digit of r?
5
Let d(i) be the third derivative of i**5/60 + 5*i**4/24 - i**3 + 2*i**2 + 24. Let g = -14 + 5. What is the units digit of d(g)?
0
Let b(l) = -3695*l + 1280. What is the units digit of b(-4)?
0
What is the tens digit of 9 - 17 - (-5)/((-20)/(-50232))?
5
Suppose 3*f = 253 + 83. Suppose 9*w + 16 - 61 = 0. Suppose 4*r = b + 97, -4*b - f = r - w*r. What is the tens digit of r?
2
Let x be (-4 + 5)*(-3 - -238). Let n = x - 4. What is the hundreds digit of n?
2
What is the tens digit of (231/6)/(2/164) + (-44 - -49)?
6
Suppose 0 = 2*b + 21*o - 19*o - 21248, 31874 = 3*b + 4*o. What is the hundreds digit of b?
6
Let n = -46269 + 90272. What is the tens digit of n?
0
Suppose 0*q - q = 5*d - 33,